 - 10111102?
1202120102
In base 6, what is -4 + 143152110?
143152102
In base 14, what is 4818 + 40d?
4c27
In base 12, what is 94a9 + 7b?
9568
In base 15, what is 28 + 10d52?
10d7a
In base 12, what is -3 - 5662556?
-5662559
In base 9, what is 20530573 + 111?
20530684
In base 4, what is -13230 + -1110103021?
-1110122311
In base 15, what is 20 + -11a6?
-1186
In base 7, what is 4 + 60616113?
60616120
In base 15, what is 37d50 + -3b?
37d14
In base 11, what is 9898 + 469?
a256
In base 4, what is -102213032302 + -110?
-102213033012
In base 4, what is 3312022 - 20323?
3231033
In base 13, what is 2611 - 434?
21aa
In base 6, what is -112 - -15221345?
15221233
In base 15, what is 3 - -2e819a0?
2e819a3
In base 10, what is -56065201 + 12?
-56065189
In base 6, what is 4 + -12020002?
-12015554
In base 14, what is -555 + -2617?
-2b6c
In base 6, what is -114551 - -30542?
-44005
In base 13, what is -15441 + -12?
-15453
In base 6, what is -32055 + 4405?
-23250
In base 13, what is 5c + 3c3c30?
3c3c8c
In base 5, what is -2410132 + -123240?
-3033422
In base 10, what is 345 + 11633?
11978
In base 11, what is 19 + 172453?
172471
In base 12, what is -4a + -550550?
-55059a
In base 7, what is -21665 - -1024?
-20641
In base 12, what is -32 - 6612?
-6644
In base 13, what is 2b + -5950ac?
-595081
In base 16, what is 2 + 5930d2?
5930d4
In base 11, what is 66 + 1121456?
1121511
In base 7, what is -1114065 + -35021?
-1152116
In base 14, what is 17d1bb87 - 0?
17d1bb87
In base 7, what is -20453213 - -6?
-20453204
In base 15, what is -243 + -235c7?
-2381a
In base 2, what is 1110101001110011111 + -101?
1110101001110011010
In base 4, what is 10 - 100020123030?
-100020123020
In base 7, what is 3252 + 2253114?
2256366
In base 10, what is -137 - -321147?
321010
In base 9, what is 54175800 - 0?
54175800
In base 7, what is 13 + -23144430?
-23144414
In base 7, what is -2024 + 41555?
36531
In base 5, what is -133044 - 32312?
-220411
In base 10, what is -1011035 - -29?
-1011006
In base 10, what is 1079 - 1178?
-99
In base 8, what is 101711423 - 2?
101711421
In base 15, what is e3 + 92a4a?
92b3d
In base 3, what is -2122 - -20021001222001?
20021001212102
In base 2, what is 10010 + 11010110001110?
11010110100000
In base 4, what is 0 - -100022012323211?
100022012323211
In base 8, what is 4726552 + 54?
4726626
In base 9, what is -51363 - 1113?
-52476
In base 13, what is -17 + 286b7c?
286b65
In base 11, what is a4 - 1213608?
-1213514
In base 4, what is -2 + -31211232113?
-31211232121
In base 11, what is -a836832 - -12?
-a836820
In base 14, what is -63acb + -7?
-63ad4
In base 9, what is 7748 + 88?
7847
In base 13, what is a5bc + 80a3?
15692
In base 13, what is 1 + -104a88c?
-104a88b
In base 8, what is 35175 + -6371?
26604
In base 9, what is 6 - 4541348?
-4541342
In base 6, what is -1213551 - 43?
-1214034
In base 5, what is 12042 + 1200320?
1212412
In base 6, what is -1513133 - -222?
-1512511
In base 9, what is -4826028 + -3?
-4826032
In base 8, what is -126446076 + -3?
-126446101
In base 14, what is -95408 - 29?
-95433
In base 9, what is 7750 + 546?
8406
In base 2, what is 101 + 1001000110101111110010?
1001000110101111110111
In base 8, what is 2637527 + 302?
2640031
In base 5, what is -32 + -12100004?
-12100041
In base 13, what is -202869 - 27?
-202893
In base 6, what is -2043543 - -45?
-2043454
In base 9, what is -5127757 + 12?
-5127745
In base 13, what is 4056 + 12814?
1686a
In base 4, what is 221 + -133233231220?
-133233230333
In base 5, what is -4000344 - -133?
-4000211
In base 5, what is 100241202434 - 4?
100241202430
In base 10, what is 1818 + -3168?
-1350
In base 4, what is 102033223030 + -3?
102033223021
In base 7, what is -230 - 2616636?
-2620166
In base 2, what is 1000011010011011101 + -1110001?
1000011010001101100
In base 8, what is -220 - 265121?
-265341
In base 13, what is -140b02 + 71?
-140a61
In base 15, what is -528dd7 + -8?
-528de0
In base 2, what is -1101100101001010111001011 + -101?
-1101100101001010111010000
In base 14, what is -59491 + -3d6?
-59887
In base 11, what is -55085 + -16?
-550a0
In base 2, what is -1011100110110111 - 100111110010?
-1100001110101001
In base 14, what is 7ca + 566?
d52
In base 4, what is 3020312230 - 21?
3020312203
In base 7, what is -5015446315 + 0?
-5015446315
In base 2, what is -10000001 + -1001101101001001011?
-1001101101011001100
In base 7, what is -1144632115 - 3?
-1144632121
In base 3, what is 21122100200002 - 12111?
21122100110121
In base 5, what is 223 + 1204310110?
1204310333
In base 15, what is -1 - -1a38eea2?
1a38eea1
In base 16, what is 10af + 3b8?
1467
In base 12, what is 5b9a367 - -2?
5b9a369
In base 14, what is -b7 + 68ab?
67d4
In base 3, what is 121000012 - -21210?
121021222
In base 4, what is -1 + 2011001100?
2011001033
In base 8, what is -3403 + -12571?
-16174
In base 14, what is 78 + -3904?
-386a
In base 7, what is -31513506 - 2?
-31513511
In base 5, what is -221 + 341323020?
341322244
In base 4, what is 33 + 31101201?
31101300
In base 13, what is -47834bc6 + -4?
-47834bca
In base 10, what is -1 - 814462?
-814463
In base 14, what is a60 + -32b1?
-2651
In base 8, what is 31715414 + 372?
31716006
In base 14, what is -321 - 4388?
-46a9
In base 16, what is 54a12 + -52e?
544e4
In base 7, what is -413166451 - -13?
-413166435
In base 8, what is -3 + -262670155?
-262670160
In base 4, what is -130211 + 33123?
-31022
In base 5, what is -22322000 - -114?
-22321331
In base 4, what is 120300202223 - 0?
120300202223
In base 6, what is 14114512 - -15?
14114531
In base 3, what is 2021100011 + -2020?
2021020221
In base 3, what is -111210012 - 20022?
-112000111
In base 15, what is 1 + 7bd9a?
7bd9b
In base 7, what is -226013540 + 3?
-226013534
In base 3, what is -101010212022110 - 10?
-101010212022120
In base 9, what is 55764518 + -6?
55764512
In base 4, what is -113323101 - 20330?
-120010031
In base 4, what is -3 - -1211331111123?
1211331111120
In base 5, what is -10004012 + 241124?
-4212333
In base 7, what is 4 + -52046643?
-52046636
In base 7, what is 256420354 + 3?
256420360
In base 7, what is -1352 + 1224506?
1223124
In base 3, what is 100 + -1020102121?
-1020102021
In base 13, what is -26 + 148bbc?
148b96
In base 9, what is 1 - 25352658?
-25352657
In base 9, what is 3 - 6650055?
-6650052
In base 2, what is -100 + 10111110110110010010101010?
10111110110110010010100110
In base 7, what is 650331 + -10?
650321
In base 6, what is -3 + 201131114?
201131111
In base 16, what is -5744dc - -b?
-5744d1
In base 9, what is -3351455 + -14?
-3351470
In base 3, what is -1002010002 - -10001?
-1002000001
In base 8, what is -571177 - -302?
-570675
In base 13, what is 262a9 - -a2?
2637b
In base 3, what is 121100210 + 1122011?
122222221
In base 3, what is 1010001201201202001 + 11?
1010001201201202012
In base 6, what is 32535214151 + 4?
32535214155
In base 6, what is -24512243440 - 3?
-24512243443
In base 16, what is a + 6ccfba?
6ccfc4
In base 11, what is 270a31 + 6?
270a37
In base 14, what is -29210c1 + 5?
-29210ba
In base 9, what is -4 - -677382?
677377
In base 6, what is -4 + 453115200?
453115152
In base 7, what is -61150 + -10454?
-101634
In base 5, what is -10 - 1410032412?
-1410032422
In base 10, what is 47524900 - 1?
47524899
In base 10, what is 8826 - 16872?
-8046
In base 12, what is 79 - -65a643?
65a700
In base 6, what is 403 - 41124353?
-41123550
In base 10, what is -1808679 + -8?
-1808687
In base 6, what is -122000 + 214?
-121342
In base 11, what is -10942a74 - -11?
-10942a63
In base 4, what is -103231 + 1033220120?
1033110223
In base 8, what is 637714 - -36?
637752
In base 7, what is 11312131 - 1231?
11310600
In base 2, what is -11 - 1010011101011101100001111?
-1010011101011101100010010
In base 6, what is 211230412 + 51?
211230503
In base 3, what is 10 - -111121102020111?
111121102020121
In base 11, what is 34125 + -a94?
33141
In base 4, what is 1332 - -1332312?
2000310
In base 11, what is 24700 - 8408?
172a3
In base 9, what is 38577870 - -12?
38577882
In base 5, what is 243 + -22241234?
-22240441
In base 8, what is -44524 + -1126?
-45652
In base 5, what is 4114210014 + -14?
4114210000
In base 6, what is 30342340 + -3?
30342333
In base 5, what is 2144124 - 2?
2144122
In base 3, what is -10 + -112002212221211?
-112002212221221
In base 5, what is 2404